 72, t - r - 4 = 20. Let s = y + t. What is the highest common divisor of 20 and s?
4
Let l = 20 - -11. Calculate the highest common divisor of 31 and l.
31
Suppose -4*g + 368 = 308. Suppose 0*s = -s + 45. Calculate the highest common divisor of s and g.
15
Suppose 0 = 6*i - 7*i + 15. Calculate the greatest common divisor of 165 and i.
15
Let m be (-27)/(-4) + 1/4. Suppose 4*a + p + 4 - 17 = 0, -2*a = 5*p + 7. Let z be a/(-12) - 106/(-3). What is the greatest common divisor of z and m?
7
Let r = 39 + -29. Suppose -9*t + r*t = 10. Let l(x) = 15*x**2. Let q be l(-1). What is the greatest common divisor of t and q?
5
Let o = 50 - 0. Suppose 4*k - 104 + 64 = 0. What is the greatest common divisor of k and o?
10
Suppose 6 = -2*d + d. Let o = d + 7. What is the highest common divisor of o and 1?
1
Suppose 6 = 2*m - 10. What is the greatest common divisor of 16 and m?
8
Suppose -4*b - 4 = -0*b. Let a be b/3 + (-5000)/(-15). Suppose 0 = -2*h + l + 164, 3*l = -5*h + 55 + a. Calculate the greatest common factor of h and 10.
10
Let m(c) = 4*c**3 - 4*c**2 + c + 2. Let o be m(4). What is the highest common divisor of o and 22?
22
Let d(i) = 14*i. Let u be d(3). Suppose -420 = 7*t - 11*t. Calculate the highest common factor of t and u.
21
Let b = -1 + 2. Suppose 5*w = -5*q + 24 + b, 0 = -5*w - q + 41. Calculate the greatest common divisor of 81 and w.
9
Let v(b) be the third derivative of b**5/30 + b**4/8 + b**3/6 - 3*b**2. Let n be v(-3). Calculate the greatest common divisor of 2 and n.
2
Suppose 4*u - 4*w = -1 + 29, 43 = 5*u + 3*w. Suppose 7 = 3*l - u. Calculate the highest common factor of l and 40.
5
Let l(s) = 19*s**2. Let f be l(-1). Suppose -3*n + f = -8. Let d be (2 - -10)*42/n. Calculate the highest common factor of d and 7.
7
Let n(o) = -2*o**2 + 3*o - 6. Let x be n(5). Let g = -29 - x. Suppose -4*s = -s - g. What is the highest common factor of 36 and s?
4
Suppose 1 - 7 = -2*k. Suppose b + y = 3*y + 38, 5*y = k*b - 110. Suppose -2*x + x + 45 = 0. Calculate the greatest common factor of x and b.
15
Let t be (-6)/(-2) + 1 + 43 + 3. What is the highest common divisor of 10 and t?
10
Let l = 1 + 4. Suppose -4*m + 3*m = -1. Let j be -1*(1 - 16)*m. Calculate the highest common divisor of l and j.
5
Suppose v - 154 = -6*v. Calculate the greatest common divisor of 242 and v.
22
Let s = 245 - 137. Suppose s = 4*y - 412. Suppose -4*n - 2*l = -y, -3*l + 2*l = -5. Calculate the greatest common factor of n and 45.
15
Suppose 9*z - 138 = 24. What is the greatest common divisor of z and 9?
9
Suppose 0*q = 2*l - 3*q - 20, -4*q = -5*l + 50. Calculate the highest common factor of 110 and l.
10
Let v be 3/(4/(16/6)). Let w be 0/v - (-4 + -108). Calculate the greatest common divisor of 14 and w.
14
Let f be 4/(-22) - (-310)/11. Let m = -13 + f. Calculate the greatest common divisor of 105 and m.
15
Suppose -q + 18 = 2*q. Let j(n) = n - 2. Let u be j(q). Suppose -3*s = -4*v - 66, 0*v = u*v. Calculate the highest common factor of s and 22.
22
Suppose a = -2*s + 8, -5*s = 2*a - a + 1. Let l be 126 + (2 + (0 - 2))/2. Calculate the highest common divisor of a and l.
14
Let j be (-1196)/(-10) + 14/35. Suppose 0 = c + 2*m - 24, -j = -4*c - c - 2*m. What is the highest common factor of c and 6?
6
Suppose 64 = 3*o + o. Suppose -6 = -2*h - 0. Suppose 0*a + 4*a - o = -h*k, 0 = -3*k + 2*a + 46. What is the greatest common divisor of 24 and k?
12
Let q(l) = -4*l**2 + 4*l**2 + l**2 - l + 54. Let f be 2/(-4) - (-3)/6. Let n be q(f). What is the greatest common divisor of n and 6?
6
Let s be 133/2*2 - -2. Suppose -3*o + 55 = -2*v, -3*v = 5*o - 52 - 8. What is the highest common divisor of o and s?
15
Suppose -5*t - 13 + 58 = 3*k, 4*t = 3*k + 9. What is the greatest common factor of 24 and t?
6
Suppose 3*n - 5*o = 2*n - 4, -2*o = n - 31. Suppose 3*k + 690 = 4*k. Let a be (-6)/n + k/14. What is the greatest common divisor of 7 and a?
7
Suppose 0 = -2*u + 28 - 6. Calculate the highest common factor of 55 and u.
11
Let y(a) = 5*a + 79. Let z be y(5). Calculate the greatest common divisor of z and 39.
13
Suppose 112 + 14 = 7*p. What is the greatest common divisor of p and 2?
2
Let z = 194 - 129. Suppose -2*t = -55 - z. What is the greatest common factor of t and 24?
12
Suppose -o + 0*o + 2*v = 0, 0 = -o - 5*v + 35. Let k be (-34)/9 - (-6)/(-27). Let j = k - -6. Calculate the highest common factor of j and o.
2
Suppose -50 - 25 = -5*b. Let w be (28/5)/((-3)/b). Let l be ((-11)/(-4))/((-1)/w). Calculate the highest common divisor of 7 and l.
7
Let f(b) = -b**2 - 13*b + 8. Let v be f(-11). Suppose 2*z + 5*m - v = 0, -2*z + 26 = z - 2*m. Let t = 60 - 35. What is the highest common divisor of z and t?
5
Let h be 4/2 + 3 + -4. Calculate the highest common factor of h and 1.
1
Let s(c) = -15*c - 6. Let k(a) = -a**3 + 4*a**2 - a - 2. Let g be k(4). Let j be s(g). What is the greatest common factor of j and 12?
12
Let l(c) = -c**3 - 4*c**2 + 4*c + 6. Let y be l(-5). What is the highest common factor of y and 44?
11
Let y = 85 + -5. Calculate the greatest common divisor of y and 32.
16
Let y(j) = -j**2 - 7*j + 84. Let g be y(0). Calculate the greatest common divisor of g and 7.
7
Let r(d) = -d + 45. Let s be r(31). Calculate the greatest common factor of 35 and s.
7
Let s be 0*((-3)/6 - 0). Suppose 0 = u, s = 3*i - 3*u + 10 - 52. What is the highest common divisor of 56 and i?
14
Suppose -3*b - 3 = -9. Let j be 9 + b*-1 - 2. Let f(x) = 2*x**2 - 7*x + 2. Let y be f(j). Calculate the greatest common factor of 187 and y.
17
Let j(d) = 2*d**3 - 7*d**2 + 8*d - 6. Let w be j(5). Let o = 72 + -15. Let r = w - o. Calculate the greatest common divisor of 13 and r.
13
Suppose 22 = x + 4*v, 2*v - 7 = -x + v. Let t = -16 + 30. What is the highest common factor of t and x?
2
Let b = 125 + -113. Calculate the highest common divisor of 9 and b.
3
Let m be (24/10)/((-30)/(-225)). What is the greatest common divisor of 90 and m?
18
Suppose 5*u - 7 = -4*w, -w = -2*u - 0*w + 8. Let o(h) = 2 - 6*h - 1 + 3 + u*h**2. Let m be o(4). Calculate the highest common factor of m and 7.
7
Let i = 82 + -81. Let n = -2 - -6. Suppose -n*t + 37 - 9 = 0. What is the highest common factor of t and i?
1
Suppose -3*d - 18 = -123. What is the greatest common factor of d and 7?
7
Let o(k) = -k - 4. Let y be o(-5). What is the highest common factor of y and 11?
1
Let v = 19 + -30. Let m(l) = -l**2 - 15*l + 2. Let n be m(v). Calculate the highest common factor of n and 115.
23
Let z be (-12)/28 - 555/(-21). What is the highest common factor of z and 13?
13
Suppose -62 = -3*p + 2*z, -5*p = -6*p - 3*z + 6. What is the greatest common divisor of p and 6?
6
Let f(d) = -d**2 - 14*d + 9. Let b be (-3 - (-2 + 1)) + -9. Let k be f(b). Let j be 0 + (-6)/(-1) + 0. What is the highest common factor of j and k?
6
Suppose -q + 3*f + 35 = -0*f, -4*f - 36 = -q. Calculate the highest common divisor of q and 4.
4
Let w(z) = z**2 - 4*z + 2. Let o be w(5). Suppose -5*q = -4*v + 4, 4*v - 2*q - q - 4 = 0. What is the highest common factor of v and o?
1
Suppose 0*x - 30 = -3*x + 2*i, 5*x = -3*i + 69. What is the greatest common factor of x and 12?
12
Let s = -4 - -4. Suppose 441 - 86 = 5*z + 2*d, -5*z - 4*d + 365 = s. Let x = z + -21. Calculate the highest common divisor of x and 12.
12
Suppose -5*z + 36 - 16 = 0. Let y be -3 + 14 - (-1 + z). What is the highest common divisor of 1 and y?
1
Suppose 28 = 4*i - 2*q - q, -20 = -4*i + q. Suppose 2*z = i*z. Suppose z = 3*k + 12, -14 = -f - 0*k - k. Calculate the highest common divisor of f and 45.
9
Suppose -2*p = -3*p + 4, 0 = 5*j - 2*p - 72. Let l = 1 - 0. Let g be j + -1 + 1/l. What is the highest common factor of 4 and g?
4
Let n(h) = h - 5. Let a be n(5). Suppose 9 = -a*d - d. Let k = 14 + d. What is the highest common divisor of 55 and k?
5
Let w = -2 + 5. Suppose 2*n - 29 = -w*m + n, m - 13 = -2*n. Let y = 16 - m. Calculate the greatest common factor of 56 and y.
7
Suppose 0 = -3*b, 3*w + 2*b = -0*b + 15. Let q be (-120)/10*(-5)/3. Calculate the highest common factor of q and w.
5
Let h = 103 + -33. Calculate the highest common divisor of h and 10.
10
Suppose -90 = x - 4*x. What is the greatest common divisor of 6 and x?
6
Let p be -1*45/(1/(-1)). Let i(c) = c**2 - 5*c - 6. Let b be i(-4). What is the